isor of j and 710?
142
Let f = -5072 + 5132. Calculate the greatest common divisor of 75 and f.
15
Let l = 185 - 116. Suppose -3*b = -6*b + l. Calculate the greatest common factor of 92 and b.
23
Suppose 12508 = -7*j + 12515. What is the greatest common divisor of 593 and j?
1
Let k = 39 - 40. Let h be ((-18)/((-2)/k))/(3/18). Let o = h - -62. Calculate the highest common factor of o and 72.
8
Let d be ((0 - 0) + -26)*-1. Suppose -2*t + 425 + 398 - 329 = 0. What is the highest common factor of t and d?
13
Suppose 2*a = -693 - 3. Let t = a + 355. What is the greatest common divisor of t and 259?
7
Let k be 1276/(-10)*((-285)/(-30) - 12). What is the greatest common divisor of 203 and k?
29
Let g(q) = 7*q**3 + 0*q**3 + 0*q**3 - 21*q - 5 + 17*q**2 - 8*q**3 - 6*q**2. Let i be g(-7). What is the highest common factor of 32 and i?
32
Let a(k) = 96*k**2 + 33 - 203*k**2 - 43*k - k**3 + 93*k**2. Let d be a(-9). What is the highest common divisor of d and 95?
5
Let d(i) = 13*i**2 - 29*i - 9. Let j be d(3). Calculate the greatest common divisor of 2135 and j.
7
Let q(p) = p**3 + 9*p**2 - 17*p - 67. Let v be q(-10). Let k be -10 + 5 - (-149 - (0 + v)). What is the highest common divisor of k and 21?
21
Let l = -1027703 + 1027919. Let o(x) = -73*x - 4. Let r be o(-4). What is the greatest common divisor of l and r?
72
Let b(z) = -z**3 + z**2 + 4*z + 1. Let m be b(4). Let d = 27 + m. Let i be (14/d)/((-19)/950). Calculate the greatest common divisor of 70 and i.
35
Let u(l) = 19*l + 466. Let s be u(16). Calculate the greatest common divisor of 280 and s.
70
Suppose c = -4*v + 2*c - 135, 0 = -5*v + 3*c - 167. Let z = 14 + v. Let k be (z/8)/((-2)/16). Calculate the highest common factor of 100 and k.
20
Suppose 15*i + 1435 + 605 = 0. Let a = i - -144. What is the greatest common divisor of 8 and a?
8
Let j be (3 - (1 + 15/9))/(48/2160). Calculate the greatest common divisor of 309 and j.
3
Suppose p - 39 = -4*u, 0 = 35*p - 31*p + 5*u - 123. Suppose 26*q = 23*q + p. Calculate the highest common divisor of q and 504.
9
Let z(u) = u**3 - 3*u**2 + 1. Let q be z(1). Let x be (18 - 0)/(q + -1). Let f be (-4)/18 - 2432/x. What is the greatest common factor of f and 30?
30
Let k be (85/51)/((-1)/9). Let h = k - -15. Suppose h = 3*d - 343 + 73. What is the highest common divisor of d and 30?
30
Let c(b) = -8*b**2 - 167*b + 49. Let m be c(-21). Suppose 0 = -h + 2*q + 3*q + 379, -5*q - 743 = -2*h. Calculate the highest common factor of h and m.
28
Suppose -62*k + 57*k = -35. Let x be k/21 + 262/6. Calculate the greatest common factor of 33 and x.
11
Let d(a) = -a + 0*a**2 + 2*a**2 + a**2 - 50 + 54 + a**3. Let z be d(6). What is the greatest common divisor of z and 23?
23
Let u be (-18)/14 - -1 - 1813/(-343). Suppose 0 = 17*i - u*i - 600. What is the highest common divisor of i and 10?
10
Suppose 18*u - 17*u - 525 = 0. Let h = u - 153. What is the greatest common factor of 12 and h?
12
Let f be (-373)/(-5) + 3 - 6/(-15). Let n be (-1)/(-6)*3 - f/(-4). Let v be (-3)/1 + 1 + -8 + n. What is the highest common divisor of v and 2?
2
Let v(s) = -2*s**2 - 42*s + 22. Let j be v(-21). Suppose -3*x - j*g + 771 = -23*g, 5*x + 5*g = 1265. Calculate the greatest common factor of 8 and x.
8
Let m(p) = 23*p**3 - 2*p**2 - 4*p - 10. Let x be m(3). Let w be 165 - ((-42)/7)/6. Calculate the highest common factor of x and w.
83
Let z be (45/(-6))/((-21)/14 - 0). Suppose -4*c + 44 = 3*y, -5 = c - z*y + 7. Calculate the highest common divisor of c and 160.
8
Suppose 14234 = -188*q + 53150. Calculate the highest common divisor of q and 333.
9
Suppose 26*p - 1855 = 19*p. Suppose 5*u + 4*z - 1173 = p, 5*z - 296 = -u. What is the greatest common factor of 26 and u?
26
Suppose 5*w - 2*y = 32477, -w + 43*y + 6492 = 46*y. Calculate the highest common factor of w and 45.
15
Suppose -4*r + 4 = -h, 2*h + 4*r - 7 = 21. Suppose 0 = h*v - 9*v + x + 106, 566 = 5*v + 4*x. Calculate the highest common divisor of v and 10.
10
Suppose -4*n = -u - 14, 0 = -13*u + 14*u + 2*n - 10. Let a be (-735)/(-490)*((-184)/(-3))/u. What is the greatest common factor of 667 and a?
23
Let l = -870 - -1872. Let o = -586 + l. Calculate the greatest common factor of o and 32.
32
Suppose 4*t - 3 = 2*r + 9, 4*r + 15 = -t. Let j be 1/(-5 - r) - -4. Suppose o - 76 = -5*b, j*o = b - 2*o - 36. What is the highest common divisor of 176 and b?
16
Suppose 603 - 13 = 10*n. What is the highest common factor of 295 and n?
59
Suppose -16*x + 1312 = -8*x - 4*x. Calculate the greatest common divisor of x and 1558.
82
Suppose 51*o - 4860 = -19*o - 110*o. What is the greatest common divisor of 24 and o?
3
Suppose -14*g + 7*g + 14 = 0. Let x be (-2587)/(-39) + g/(-6) - 6. Calculate the greatest common divisor of x and 540.
60
Suppose 0 = k + 320 - 314. Let v be (-2)/(-9) - 10472/63. Let q be v/(-6) - (-10)/k. What is the highest common factor of 234 and q?
26
Suppose v = 6*v - 945. Let s = 100 - 58. What is the highest common factor of v and s?
21
Let b be ((-15)/15)/(2/20). Let q = 10 + b. Let y be -4 + 88 + q/4 + -3. What is the greatest common divisor of 27 and y?
27
Let a = 31 + -21. Suppose k = 2*b - 3*k - 104, 5*k = 2*b - 101. Suppose d - b = 12. Calculate the greatest common factor of d and a.
10
Suppose -2*l - l + 195 = 0. Let j(b) = 226*b + 14032. Let q be j(-62). What is the greatest common factor of q and l?
5
Let w(b) = b**3 - 10*b**2 - 3*b + 33. Let y be w(10). Suppose 7*a = -q + 4*a + 175, 0 = 4*q + y*a - 709. Calculate the highest common divisor of 445 and q.
89
Suppose -4*p = -u + 5592, 4*p = -2*u + p + 11250. What is the highest common factor of u and 54?
54
Let d(a) = -26*a + 26*a + 18 + 153*a. Let m be d(4). What is the highest common factor of 70 and m?
70
Let r be (-1 - (-1118)/(-5)) + 39/65. Let o be (12/14)/(6*(-4)/r). Let n(m) = 9*m - 12. Let t be n(o). Calculate the highest common factor of t and 24.
12
Suppose 26*p = 32*p. Suppose p = -2*m + 134 - 132. Suppose -2*x = 4 - 12. What is the greatest common divisor of x and m?
1
Let n(j) = 562*j**2 - 37*j + 79. Let z be n(2). What is the highest common factor of z and 3?
3
Let b(i) = i + 333. Let t be b(51). What is the highest common factor of t and 32?
32
Let a = -8246 + 9335. What is the highest common divisor of a and 90?
9
Suppose 127 = -x + 3*d, -d + 249 = -2*x - 0. Let k = x + 164. What is the greatest common factor of 340 and k?
20
Let p be -3 - -4 - 29570/(-5). Suppose -5*o + p = 8*o. Calculate the highest common factor of 65 and o.
65
Let u = 510 + -502. What is the greatest common divisor of u and 338?
2
Suppose 4*h = -2*x + 201 + 67, -712 = -5*x - 3*h. Calculate the greatest common factor of 18177 and x.
73
Let v be 1/(-15 - 24591/(-1638)). What is the highest common divisor of v and 6?
6
Let l(c) = -51*c - 6110. Let k be l(-120). What is the greatest common divisor of k and 1690?
10
Let k be 2/(-5)*(41 + -56). Let u(a) = a**2 + 5*a - 2. Suppose 3 - 11 = -p. Let x be u(p). Calculate the highest common divisor of x and k.
6
Let i = -448 + 438. Let l = i + 34. What is the greatest common factor of l and 28?
4
Suppose 244*z - 253*z + 540 = 0. Suppose 2*q + 28 = -3*r + 331, 2*r = -2*q + 302. What is the highest common factor of q and z?
30
Suppose -g = -6*x - 8942, 3*x + 495 = g - 8426. What is the highest common divisor of 300 and g?
100
Let h be 0*(1 - 0) - (2 + -6). Let f = 10 + h. Let z be (-6*(-28)/(-8))/(-1 - 0). What is the highest common factor of f and z?
7
Let x(a) = -36*a**3 - 2*a**2 + 8*a + 3. Let k be x(-3). Suppose -1377 = -14*o + k. What is the highest common factor of o and 15?
15
Suppose 20*d + 21*d = 51*d - 70. Calculate the highest common divisor of 2149 and d.
7
Let h = 1330 - 940. Suppose 5*q - 2*q = h. Calculate the highest common divisor of q and 104.
26
Let q be 20/8*(168/10)/3. Let a be (-294)/7*(-12)/q. Let r = -468 - -522. Calculate the greatest common divisor of a and r.
18
Let l = 596 + -813. Let x be ((-2852)/l - (-2)/(-14))*12. Calculate the greatest common divisor of x and 78.
78
Suppose 0 = -5*z - 7*d + 67386, 0 = 10*z - 9*z - 4*d - 13488. What is the greatest common factor of 40 and z?
40
Let g(v) = 37*v**2 + 350*v - 2060. Let y be g(6). What is the greatest common divisor of y and 616?
28
Let u = -3748 + 4255. Calculate the gre